 4*r, 93 - 88 = -r. Let s be (-21)/((-435)/426 - -1). What is the highest common factor of m and s?
14
Let m be -1 + 25554 - (12/14)/((-9)/(-42)). What is the greatest common divisor of m and 29?
29
Let h be 16/64 + (-86)/(-8). Suppose -z - 50 = -h*z. Suppose 4*l - z*j - 505 = 0, j = 4*j + 15. What is the greatest common divisor of l and 24?
24
Let c be (4/10)/(15/75) - -16. What is the greatest common divisor of 1764 and c?
18
Let o be 500550/405 - 16 - (-2)/27. What is the greatest common factor of 10 and o?
10
Let w = -143 + 600. Suppose -2*v + w = -281. Calculate the greatest common divisor of v and 9.
9
Let q = -371 - -377. Let o be 127/2 + (-3)/q - -5. What is the highest common factor of o and 289?
17
Suppose 340*p - 15620 = 82*p + 77260. What is the highest common factor of 3480 and p?
120
Suppose -2*i + 372*m - 378*m + 1084 = 0, 3*m = -5*i + 2698. What is the greatest common factor of i and 1463?
77
Let q = 10381 - 9047. Calculate the highest common divisor of 46 and q.
46
Suppose 3*k + 230 = -5*y + 627, 1 = -y. Let r = k - 92. Suppose 3491 + 2919 = 25*j + 1160. Calculate the greatest common factor of r and j.
42
Let j(o) = 63*o + 451. Let c be j(-7). What is the highest common factor of c and 530?
10
Suppose 4*o - 3854 = z, o + 4*z = 6*o - 4823. Suppose 5*p = 1667 + o. Suppose -136 = 5*b - p. Calculate the greatest common divisor of b and 6.
6
Let h(k) = k**2 - 18*k + 83. Let c be h(9). Suppose 2*p + c*q = 108, 12*p - 14*p + 93 = -3*q. What is the highest common factor of 34 and p?
17
Suppose -7 - 1815 = -3*g - 2*s, 4*g = 4*s + 2436. Suppose 18*y = 16*y + g. What is the highest common divisor of 19 and y?
19
Let u = 4139 - 4109. Calculate the highest common divisor of u and 11510.
10
Let d be (74/4)/((-7)/(-14)). Suppose a + 2304 = d*a. Calculate the highest common factor of a and 1024.
64
Suppose 0 = -69*m + 91426 + 112745. What is the highest common divisor of m and 1076?
269
Let n(s) = 6*s**2 - 17*s + 57. Let m be n(-26). Suppose -23*u = -m + 829. Suppose -5*d + 59 = -31. What is the highest common factor of u and d?
18
Suppose 2*y + 6*y = 256. Let q = y - 25. Suppose 0 = -d - x + 13, 2*x + 53 = 4*d + q*x. Calculate the highest common factor of 132 and d.
12
Suppose 5*z - 1724 + 44 = -5*u, -5*u + 690 = 2*z. Calculate the greatest common factor of 66 and z.
66
Suppose 0 = -3*o + 2*z + 677, 0*o + 438 = 2*o + 2*z. Let b = o - 115. What is the greatest common factor of b and 72?
36
Let k(l) = 187*l**2 - 33*l + 402. Let f be k(12). Calculate the highest common factor of 268 and f.
134
Suppose n + 185 = 5*x, -610*x + 605*x + 190 = -2*n. What is the greatest common factor of 1548 and x?
36
Suppose -4*a + 287 = 5*s, 2*a = 2*s - 62 - 42. Suppose 3*g + 64 = 5*q, 74*q - 79*q = -g - 58. What is the greatest common factor of q and s?
11
Suppose -c + 4*f + 3 - 1 = 0, -c = 4*f - 2. Suppose 3*w + 360 = 23*w. Let r(z) = 10*z - 172. Let d be r(w). What is the highest common divisor of c and d?
2
Suppose f - 5 = -7. Let j = f + 16. Suppose -9*i = -j*i + 70. Calculate the highest common divisor of i and 14.
14
Let f = 15136 + -10236. Calculate the highest common factor of f and 14.
14
Suppose 0 = 626*f - 629*f + 6. Let x be ((-54)/f)/((-69)/253). Calculate the greatest common factor of 44 and x.
11
Let d = -687 + 730. Suppose 5*l = -d*l + 432. Calculate the greatest common factor of 81 and l.
9
Let b(i) = -4*i + 70. Let f be b(15). Suppose -2*y = -q + 180, -f*q + 12*q + 5*y = 315. What is the highest common factor of 68 and q?
34
Let o be (-28)/(52/(-65) + (-186)/(-245)). Let a = 710 - o. Calculate the greatest common divisor of a and 8.
8
Suppose z = -4 + 10. Let y = -45 - -51. Suppose -3*n - h + 54 - 11 = 0, 3*h + y = 0. What is the greatest common factor of z and n?
3
Suppose -5*u - 3*r + 65 = 0, -4*u + 39 = -0*u + 5*r. Suppose 0 = 15*d - 0*d - 1680. What is the highest common factor of u and d?
16
Suppose -287*a + 2378746 = -813842. What is the highest common divisor of a and 216?
108
Suppose 5 = 4*h - 11. Suppose -2*s + 3*y + 45 = 0, -h*s + 5*s + y - 15 = 0. Suppose -s + 46 = l. Calculate the highest common divisor of l and 70.
14
Suppose 3*m + 2*t = -523, -t = 2*m + 2*t + 347. Let d = -122 - m. What is the highest common factor of d and 212?
53
Let q(w) = w**2 - 35*w - 40. Let h be q(31). Let n = -149 - h. What is the greatest common divisor of n and 3?
3
Suppose 82*n = 90*n - 64. Let o be n/(-18) + (-690058)/(-873). Calculate the greatest common factor of o and 10.
10
Let a be ((594/(-77))/9)/(-1 + 976/980). What is the greatest common factor of 40 and a?
10
Let s = 33042 - 18794. What is the highest common divisor of s and 822?
274
Let h(q) = -111*q - 2844. Let x be h(-26). Calculate the highest common factor of 3836 and x.
14
Let v(z) = 22*z - 41 - 20*z + 22 + 75*z. Let f = 18 - 14. Let y be v(f). Calculate the highest common divisor of 17 and y.
17
Suppose 4*w - 1 = 11. Let g be (1760/33)/16 + 8/(-6). Let b be (82 - (-12)/(-2 - 1))/g. What is the highest common factor of b and w?
3
Suppose 21*c = 18*c + 69. Suppose -5*l = -10, -5*v + 4 + 101 = -5*l. What is the highest common factor of v and c?
23
Let v be 290/(-6)*(-9)/6*(-2562)/(-305). What is the highest common factor of 63 and v?
21
Let o = 87081 - 37313. Calculate the greatest common divisor of 8 and o.
8
Suppose 0 = -15*o + 17*o - 52. Suppose w + 21*y = o*y + 360, 2*y = -4. What is the highest common factor of w and 70?
70
Let h(u) be the third derivative of 11/12*u**4 + 0 + 0*u - u**2 + 0*u**3. Let z be h(12). What is the greatest common factor of z and 24?
24
Let j(z) = -2*z**3 + 13*z**2 + 7*z + 19. Let p(m) = 2*m + 43. Let b be p(-18). Let g be j(b). What is the greatest common divisor of g and 133?
19
Let u be (-10)/(1 + 58/(-54)). Let n be -6*((-66)/12)/11*342/19. Calculate the highest common divisor of u and n.
27
Let w = -106 - 293. Let r = w - -707. What is the greatest common factor of r and 88?
44
Let u = -16935 + 77083. What is the highest common divisor of u and 44?
44
Suppose 6 = 5*b - 14. Let v(w) = 4*w + 1. Let l be v(5). Suppose 22*z - 28 = l*z. What is the highest common divisor of z and b?
4
Suppose -14498 - 4402 = -105*x. Calculate the highest common factor of x and 1152.
36
Suppose -r = 3*b - b, -4*b = 4*r + 8. Suppose 4*l - u = 11, -l + b*l = -3*u + 6. Let w be 19 + -6 + (l - 0). What is the greatest common factor of 48 and w?
16
Suppose 4*n - 68 = -4*m, -2*m + 50*n - 46*n + 46 = 0. Suppose -4*c - 196 = -4*j, -234 - m = -5*j - 3*c. What is the greatest common divisor of 1500 and j?
50
Let b be 2/4 - 69/(-2). Let g be (-7)/b + 1352/10. What is the highest common factor of 81 and g?
27
Let w be 5*32/200*5. Let b be w/24 + (-137)/(-6). What is the highest common factor of b and 115?
23
Let o = 543 + -538. Suppose -o*x = -128 - 112. Calculate the greatest common factor of 128 and x.
16
Suppose 651*k - 791*k = -444360. What is the greatest common factor of 2 and k?
2
Suppose -3*r + 2*b - 33 = -8*r, 3*r - 5*b = 26. Let p be 4/24*3*8. Suppose p*w = 9*w - 35. What is the greatest common factor of w and r?
7
Let y = 5597 - 5569. Calculate the highest common divisor of y and 756.
28
Let s(a) = 33*a + 729. Let z be s(30). Calculate the highest common divisor of z and 9.
9
Suppose 845 = -0*u + 5*u. Let q = u - 115. Let m be 18/q + 5/3. What is the greatest common factor of m and 18?
2
Suppose 3*a - n - n - 17 = 0, -2*n - 7 = -a. Suppose -4 = -5*f + 4*t, -f - 11 - 5 = -a*t. Calculate the greatest common divisor of f and 28.
4
Let h be 13 + -10 + (-7)/(-1). What is the highest common divisor of h and 470?
10
Let x = 8 - -25. Let v(w) = 2338*w + 7069. Let i be v(-3). Calculate the highest common factor of i and x.
11
Suppose -44*f = 17*f + 29*f - 1350. What is the highest common divisor of 1905 and f?
15
Suppose -5*x - 990 = -8*x. Let t(f) = -f**3 + 5*f**2 + 4*f. Let r(y) = y - 9. Let k be r(12). Let i be t(k). Calculate the highest common factor of i and x.
30
Suppose -5*h - 10 = 0, 3*y + 5*h - 13 = h. Let b(s) = -s**2 + 8*s + 8. Let t be b(y). Let n = 19 + t. What is the highest common factor of 102 and n?
34
Suppose -j + 6 = -4*j. Let m be 0/j - 176/(-1). Let z(p) = 2*p**3 + 425*p**2 + 223*p + 2348. Let u be z(-212). Calculate the highest common factor of u and m.
16
Let